ist the prime factors of f.
11, 1361
Let p(w) = 4*w - 23. Suppose -3*a + 2*t + 25 = 0, 5*a + t - 17 = 16. Let y be p(a). Suppose 5 = -y*u, 2*l + 256 = 4*l + 2*u. What are the prime factors of l?
3, 43
Suppose 73*u + 84 = 77*u. Suppose -2*a + 9*a = -u. What are the prime factors of 0 + -2 - 0 - 38*a?
2, 7
Suppose 10*i = 8*i - 2*x + 89922, -i = 3*x - 44971. What are the prime factors of i?
2, 11239
Let d(y) = 27*y**2 - 20*y - 47. Let s be d(-3). Let n(r) = -4*r**2 - 3*r - 3. Let h be n(-6). Let j = s + h. What are the prime factors of j?
127
Suppose -5*h - 306245 = -29*h + 85435. List the prime factors of h.
2, 3, 5, 17
Let l = 183 + -129. What are the prime factors of 3 + l/(-21) + 16225/35?
2, 29
Suppose -z - 5 = 3*h - 1, 4*z + 5*h + 2 = 0. Suppose -3 = -i + z. Suppose 99 + 386 = i*d. List the prime factors of d.
97
Let h = 48 - 45. Suppose -5*l = -h*r + 1273, -2*r = r - 3*l - 1263. Suppose -9*f + 385 = -r. What are the prime factors of f?
89
Let j(t) = -11*t + 36*t - 2*t**2 + 325*t**3 - 8*t - 14*t - 1. What are the prime factors of j(1)?
5, 13
Suppose 23*j = 28*j. Suppose -k - 2*k + 9 = 3*b, j = b - 3*k + 13. What are the prime factors of 1323/12 + b/4?
2, 5, 11
Suppose -4*v - 5*i + 1683 = -686, v - i = 581. Suppose 6*m = 4586 + v. What are the prime factors of m?
2, 431
Suppose 3*c - 2*s = 169892, -10970 - 45661 = -c + s. List the prime factors of c.
2, 5, 7, 809
Let d be 497 + 5 + 3 + 0. Suppose 5*i = 5*u - d, 2*i + 0*i = -2*u - 198. Let l = i - -171. List the prime factors of l.
71
Suppose -6*i = 4*o - i - 2, -3*i = -3*o + 15. Suppose -3*j - 19 = -2*s, o*s + 5*j = -s + 27. List the prime factors of (-6)/8 + 430/s.
53
Let x be (-67)/(-4) - 4*(-9)/144. List the prime factors of (-46)/8*x/((-34)/120).
3, 5, 23
Suppose -5*w + 22 = 5*n + 2, 3*n - 17 = -4*w. Suppose h - 4781 = -w*x - 482, -h + 2579 = 3*x. List the prime factors of x.
2, 5, 43
Let r = -8781 - -21012. List the prime factors of r.
3, 151
Suppose -3*m + 370 = 5*l, -1 = m - 2*l - 106. Let j = m + 101. What are the prime factors of j?
2, 3
Let s(y) = 2*y**2 - 110. Let b be s(18). Suppose 4*d - b = 2274. What are the prime factors of d?
19, 37
Let d(j) = -j**2 - 11*j. Let h be d(-11). Suppose -119*o + 117*o + 1776 = h. What are the prime factors of o?
2, 3, 37
Let v(c) = -306*c + 22 - 52 + 13. Let o be v(-2). Suppose -o = -3*d + 4*h, 0*d = 4*d + 5*h - 752. List the prime factors of d.
193
Suppose -11*c + 38769 = 2*z - 10*c, 5*z - 96927 = -c. What are the prime factors of z?
2, 3, 359
Let s(v) = -7901*v - 11385. What are the prime factors of s(-9)?
2, 3, 7, 79
Let y = -370 + 360. Let j(w) = -42*w + 76. What are the prime factors of j(y)?
2, 31
Suppose -313*l = -244*l - 2001552. What are the prime factors of l?
2, 7, 37
Let u = 169 + -166. Suppose u*i + 0*t = 2*t + 3605, -2*i + t + 2403 = 0. List the prime factors of i.
1201
Let h(v) = -135*v**3 + 4*v**2 - 6*v - 29. What are the prime factors of h(-3)?
2, 5, 367
Let u(v) be the first derivative of 2*v**3 + 9*v**2/2 - 79*v - 81. What are the prime factors of u(6)?
191
Suppose 35137 = d + 4*i, -2*d + i + 81635 = 11433. What are the prime factors of d?
5, 7, 17, 59
Let f = 275 + -124. Suppose 3*g - 326 - f = -r, 2*r - g = 926. Suppose -5*x + 555 = -r. What are the prime factors of x?
2, 3, 17
Suppose -m + 5 = -k - k, 0 = 5*m + k - 14. Suppose -m*v = -14*v + 3421. List the prime factors of v.
311
Let a(c) = c**2 - 15*c + 49. Let h be a(9). What are the prime factors of (-1453)/h - 16/(-40)?
3, 97
Let r(n) = -n**3 - n**2 - 3*n + 1. Let l be r(0). Let o be l - 2*3/(6/4). List the prime factors of ((-42)/(-35))/(o/((-135)/3)).
2, 3
Suppose -4*o + 6807 = 1719. Let q = o - 880. List the prime factors of q.
2, 7
Suppose -129*o + 59*o + 5424317 = 61*o. List the prime factors of o.
47, 881
Suppose 47*y - 42*y = 20. Suppose 4 = -y*x - 16, -2*x + 1100 = 3*c. Let b = c + -222. List the prime factors of b.
2, 37
Suppose 5*f - 10 = 0, 3*o - 3*f = 3312 + 14394. List the prime factors of o.
2, 3, 41
Suppose -7098 = 17*l - 12293 - 131672. List the prime factors of l.
83, 97
Suppose 5*b + 11 = t + 2, -3*t + 2*b = 12. What are the prime factors of (-2 - t)/(-4) - -504?
503
Suppose -79*m - 15 = -82*m. Let t(x) = 13*x + 4. Let h be t(m). Suppose -5*v = -h - 306. List the prime factors of v.
3, 5
Let d = -75 + 78. Suppose -d*c + 1 = -v, 2*v - 18 = -2*v + c. What are the prime factors of (4 - v - 117)/(1 + -2)?
2, 59
Let c = 6485 - 1316. What are the prime factors of c?
3, 1723
Let m(d) = 8*d**2 + 26*d + 540. What are the prime factors of m(-26)?
2, 659
Let j(i) = i**2 + 12*i - 16. Let z be (-4)/10 - (-140)/(-25). Let v(y) = y**2 + 13*y - 15. Let l(x) = z*v(x) + 5*j(x). List the prime factors of l(-8).
2, 3, 5
Let f(p) = -p**2 + 15*p - 22. Let k be f(13). Let c(d) = 10*d - 4*d + 11*d - k*d + 22. What are the prime factors of c(5)?
3, 29
Let l(v) = v**3 + 2*v**2 - 4*v - 3. Let u be l(-2). Let y = -2952 - -2957. Suppose -u*d + 730 = 5*f, 531 = 4*d - y*f - 26. List the prime factors of d.
11, 13
Let k(n) = -n**2 - 10*n - 56. Let p(y) = 2*y**2 + 31*y + 167. Let i(s) = -8*k(s) - 3*p(s). What are the prime factors of i(19)?
2, 211
Suppose 0 = -31*z + 32*z. Suppose -4*l = -5*p - 56, z*p - 5*p = -3*l + 37. Suppose 0 = 2*y - 0*y - j - 53, -j = y - l. What are the prime factors of y?
2, 3
Suppose 62 = 16*f - 2. Let l(h) = -58*h + 13. Let p be l(-5). Suppose -273 = -f*b + p. What are the prime factors of b?
2, 3
Let o = 303 + -156. Let r = 105 - o. Let l = 59 + r. List the prime factors of l.
17
Suppose 4*r = 7*s - 2*s + 790, -2*r = -2*s - 394. Let d = r - 282. Let v = d - -158. List the prime factors of v.
71
What are the prime factors of 170*(-554)/(-16) - ((-54)/(-24))/9?
2, 3, 109
Let a = 22922 + -8061. List the prime factors of a.
7, 11, 193
Let v be -1*(-30)/25*-5. Let x be (v - 1) + 0 - 1. Let o = 36 + x. What are the prime factors of o?
2, 7
Let d(b) = 3*b**3 - 6*b**2 + 9*b - 218. What are the prime factors of d(19)?
2, 4591
What are the prime factors of ((6 + -3)*3)/(30/97670)?
3, 9767
Let r be 230 + ((-77)/(-44) - 1/(-4)). Suppose 111 = -2*p + 3*p - j, r = 2*p - 4*j. What are the prime factors of p?
2, 53
Suppose -4*x - 116*i + 50878 = -119*i, i - 25424 = -2*x. What are the prime factors of x?
5, 2543
Let p be 3*((-28)/(-12))/7. Let j be p/(4/64*4). Suppose -s + j*u - 15 = 0, s + s + 2*u = 20. List the prime factors of s.
5
Let a = -6 + 31. Let i be 2/10 + 45/a. Suppose 4*s + 5*h - 174 - 4 = 0, -4*h - 76 = -i*s. What are the prime factors of s?
2, 3, 7
List the prime factors of ((-2)/(-4))/(-8 + 0 + 1474440/184304).
11519
Let i be 2 + 8/(-2) + 5. Suppose 2*q + i*u - 410 = 0, -6*u - 4 = -8*u. Suppose 0 = 5*t + 5*w - 1182 + q, 5*w = 4*t - 766. What are the prime factors of t?
2, 97
Let i(m) = m**2 + 7 - 8 + 26 - 20*m. Let f be i(19). List the prime factors of (-26)/(-6)*(-4 + f)*3.
2, 13
Suppose 0*p - 5*q = -5*p + 7860, -3144 = -2*p - q. List the prime factors of p.
2, 3, 131
List the prime factors of 19944558/776 - 2/((-8)/(-3)).
3, 13, 659
Let b(k) = -319*k + 1873. List the prime factors of b(-16).
6977
Let c(o) = -o - 1. Let y(g) = -g**3 + 6*g**2 - g - 1. Let l = 105 - 100. Let i(d) = l*c(d) - y(d). List the prime factors of i(7).
17
Let v(j) = -j**2 - 22*j - 34. Let q be v(-21). Let f(d) = d**2 + 10*d + 17. List the prime factors of f(q).
2, 7
What are the prime factors of (-17*5/(-340))/((-3)/(-21852))?
3, 607
Let d be 7/(2 - 16)*(-1 - -1). Suppose -28*l + 17*l + 2343 = d. What are the prime factors of l?
3, 71
Let g = -64 - -66. Suppose -g*f + 398 = 70. Let j = 380 - f. List the prime factors of j.
2, 3
Suppose 0 = t - 4*p - 6 - 10, p - 23 = -2*t. Let f(m) = -m**3 + 16*m**2 - 12*m - 4. What are the prime factors of f(t)?
2, 107
Let l(a) = a**3 + 7*a**2 - 2*a - 1. Let r be l(-8). Let x = 54 + r. Suppose 4*m - x*q - 320 = -95, -4*m - 4*q = -180. What are the prime factors of m?
2, 5
Let c(a) = 256*a + 3552. List the prime factors of c(75).
2, 3, 79
Suppose 67763 - 203380 = -5*z + 2*r, 4*z + 5*r = 108553. List the prime factors of z.
27127
Let l be 86/(-4)*6/(-3). Let q = 21 - l. Let v = 88 - q. List the prime factors of v.
2, 5, 11
Let h be (10*2)/(10/12). List the prime factors of (h/6 - 5)/(3/(-2082)).
2, 347
Let p(f) = 44*f - 222. Let v be p(5). Let m(d)